he remainder when 11 is divided by t?
1
Let d(y) = -30*y - 2. Let s be d(-5). Let f = s + -47. Calculate the remainder when f is divided by 26.
23
Suppose 0 = -7*y + 106 + 62. Let o(u) = 2*u**2 + 6*u + 6. What is the remainder when y is divided by o(-4)?
10
Let m(i) = -i**3 - i**2 + 4*i + 1. Calculate the remainder when m(-3) is divided by 180/35 + 1/(-7).
2
Suppose -4*b + 14 = -3*k - 94, b - 5*k = 44. Let t(n) = n - 4. Let c be t(6). Suppose -3*o = c*o - 65. Calculate the remainder when b is divided by o.
11
Let r = 201 + -172. What is the remainder when 83 is divided by r?
25
Suppose 19 - 34 = -a. Suppose 0 = 5*k - 10*k + a. Let m(x) = -x**3 - 7*x**2 - 7*x + 1. What is the remainder when m(-6) is divided by k?
1
Suppose w + 3*k + k = 4, 2*w - 11 = -5*k. Let c(n) = n + 2. Calculate the remainder when c(w) is divided by 6.
4
Suppose -5*a + 159 = -191. What is the remainder when 43 is divided by a/6 - 2/3?
10
Let y(m) be the second derivative of m**4/4 - m**3/3 + m**2/2 - 3*m. Suppose -2*b - 17 + 145 = 0. Calculate the remainder when b is divided by y(3).
20
Suppose p = -4*a + 10, -5*p + 6 - 16 = 0. Suppose a*r - 25 = -2*r. Suppose -r*w - 2 = -2*o, -o = -2*w - w. Calculate the remainder when 17 is divided by o.
5
Let s(o) = -o**2 + 2*o**2 - 3 + 3*o + 6. What is the remainder when 8 is divided by s(-3)?
2
Let k = -16 + 27. Calculate the remainder when 31 + 3 + -2 - 2 is divided by k.
8
Suppose b - 54 = -2*b. What is the remainder when b is divided by 5?
3
Let t(o) = -o + 21. Let h = 164 + -103. Calculate the remainder when h is divided by t(0).
19
Let q = 2 + 2. Suppose -g + m - q = -5*g, -4*g + 3*m + 4 = 0. Let k(c) = 23*c - 1. What is the remainder when k(g) is divided by 8?
6
Let k = -7 + 6. Let z(a) = -a. What is the remainder when 1 is divided by z(k)?
0
Let h(s) = 6*s - 1. Let p be h(3). Suppose -4*z - p + 61 = 0. Let f = 131 - 127. Calculate the remainder when z is divided by f.
3
Suppose -h = x - 110, 2*h + 238 = 2*x - 2*h. What is the remainder when x is divided by 23?
21
Let t(r) = -5*r - 12. Calculate the remainder when t(-5) is divided by 4.
1
Let y = 0 + 2. Suppose 2*z = y*f + 4*z - 14, -f - 5*z - 13 = 0. Let b = 75 + -53. Calculate the remainder when b is divided by f.
10
Let w be -4 + 2 + (15 - 2). Calculate the remainder when 26 is divided by ((-2)/(-2) - 3) + w.
8
Calculate the remainder when (3 + 2)*1*3 is divided by 5.
0
Suppose 2*u - 1 = 3, 3*u = 2*b - 68. Suppose -4*f + 20 = -5*t + f, 0 = -t - 3*f + 12. Let j = 13 + t. What is the remainder when b is divided by j?
11
Let l = -1 + 4. Suppose -4*s + 5*x = -72, -l*s - 3*x = 16 - 70. What is the remainder when 35 is divided by s?
17
Let b(y) = y**3 - 16*y**2 + 15*y + 6. Calculate the remainder when 11 is divided by b(15).
5
What is the remainder when (-4)/8*66/(-1) is divided by 12?
9
Let g be 379/4 - 1/(-4). Suppose -4*q + 125 = 2*i + 23, 4*q - 5*i = g. Calculate the remainder when q is divided by (0 - 3)/(-12) - (-153)/12.
12
Let h be (8/3)/(4/6). Let w(l) = -l + l + l + h. What is the remainder when 38 is divided by w(9)?
12
Let n = -3 + 6. What is the remainder when 11 is divided by n?
2
Suppose 3*j - 2 = 5*z, -4*z - z + 25 = 0. Calculate the remainder when 23 is divided by j.
5
Let x be 4/6 + 112/(-24). Let i be 354/(-1)*x/6. Suppose 2*u = 3*j - 176, -5*j = -j - 4*u - i. Calculate the remainder when j is divided by 15.
13
Suppose 0 = 6*s - 3*s + 12. What is the remainder when (-620)/(-14) + s/14 is divided by 15?
14
Let o(j) = j**2 - 2*j - 5. What is the remainder when 56 is divided by o(-5)?
26
Let d = -6 + 8. Suppose d*q - 9 = -q. What is the remainder when q is divided by 2?
1
Let w = 3 - -67. Suppose 5*k + w = 3*g + k, -4*g + 3*k = -84. Suppose 0 = -4*v + 5*p + 183, -3*v - 3*p + 176 = p. What is the remainder when v is divided by g?
16
Suppose 33 = 5*n - 4*s - 0*s, 4*n + 2*s = 16. Let h be (-513)/15 - (-1)/n. Let u = h + 54. Calculate the remainder when u is divided by 7.
6
Suppose -5*f + 6 = -3*f. Suppose -f*s - 13 + 49 = 0. Let a = -6 + s. What is the remainder when 10 is divided by a?
4
Let j be (-3)/(-3)*(6 - 1). Suppose 0 = j*s - 14 - 6. What is the remainder when (-39)/(-12) + (-1)/s is divided by 2?
1
Suppose 3*m + m = 28. Suppose 2*h + 0*h = -c - 10, 2*c - 15 = 3*h. Suppose c*q + 3*q - 9 = 0. What is the remainder when m is divided by q?
1
Let s = -39 + 122. Calculate the remainder when s is divided by 29.
25
Let p = -22 - -36. Suppose 4*t - p = 322. Calculate the remainder when t is divided by 29.
26
Calculate the remainder when 3 is divided by (-1)/(2/4)*23/(-46).
0
Let q(c) = 6*c - 2. Suppose -5*z - 10 = 5*y, -16 = z + z + 5*y. Calculate the remainder when 29 is divided by q(z).
9
Let p(m) = -m**3 + 6*m**2 - 2*m + 4. What is the remainder when 37 is divided by p(5)?
18
Suppose 5*r + 4 - 14 = 0. Let u = -3 + 6. What is the remainder when u is divided by r?
1
Let b(n) = n**2 - 13*n + 16. Let j be b(12). Suppose j*t - 68 = -0*t. Calculate the remainder when t is divided by 10.
7
Suppose -2*g + m = -g - 27, -5*g = -3*m - 137. Calculate the remainder when 83 is divided by g.
27
Let p be -2 - -2 - 0 - -2. Calculate the remainder when 10 is divided by (p*1)/(12/36).
4
Suppose -9*t + 110 = -970. What is the remainder when t is divided by 31?
27
Suppose q - 4 = -0*q. Let z(b) = 3*b**2 - 20*b**3 + 0 + b + 3 - q*b**2 - 2. Calculate the remainder when 36 is divided by z(-1).
17
Calculate the remainder when 55 is divided by -2 + 4 + -4 - -17.
10
Let x(d) = -9*d. Suppose 0 = 5*y - 0*y - 170. Calculate the remainder when y is divided by x(-2).
16
Suppose 0 = 5*q - 16 - 4. What is the remainder when 7 is divided by q?
3
Let l be (4/(-10))/((-1)/(-15)). Calculate the remainder when (69/l)/((-4)/8) is divided by 6.
5
Suppose 5*r - 5*w = -15, 3*r + 6 - 1 = 2*w. Let m = r - 1. Let o = m - -29. What is the remainder when o is divided by 10?
9
Let b = 1 - -1. Let x = -42 - -13. Calculate the remainder when 2/b - (x - -1) is divided by 15.
14
Let x(y) = 15*y**2 + y. Suppose -5*s + 14 = 3*h + 2, 3*h - 3 = -2*s. What is the remainder when x(h) is divided by 8?
6
Let f be 126*-1*(-20)/30. Let v = -14 + f. Calculate the remainder when v is divided by 18.
16
Suppose 5*l = -b + 27, -5*l + 7 = -2*b - 14. What is the remainder when 14 is divided by l?
4
Let f(s) = -2*s + 1. Calculate the remainder when f(-7) is divided by 6.
3
Let x = 28 + 26. Suppose -5*u - 3*r + 127 = 0, -2*u - 4*r + x = -2*r. Calculate the remainder when 44 is divided by u.
21
Let u(x) = -3*x - 11. Let z(w) = -w**3 + 0*w + 6*w**2 + 2 - w - 3*w. Calculate the remainder when u(-10) is divided by z(5).
5
Suppose 0 = 3*w + 5*l - 129, 2*w + 3*l = -3*w + 231. Suppose 43*q = 38*q + 85. What is the remainder when w is divided by q?
14
Suppose -3*f - 12 = 0, w - 53 = f + 59. Calculate the remainder when w is divided by 11.
9
Let u be (8 - 17)*2/(-6). Suppose -49 = -2*f - 5*b + 2, f - 26 = -u*b. What is the remainder when f is divided by 8?
7
Let g(j) = 10*j + 6. Let f(l) = -l - 1. Let x(t) = -10*f(t) - 2*g(t). What is the remainder when x(-4) is divided by (-4)/(-14) + (-89)/(-7)?
12
Let o = 4 + -6. Let a(g) = 9*g**2 - 3*g - 1. What is the remainder when a(o) is divided by 2/(5/((-55)/(-2)))?
8
Let f be 12/7 + (-8)/(-28). Suppose -t + f = -3*i, 5*t + 2*i + 48 = t. Calculate the remainder when 2 is divided by ((-4)/5)/(4/t).
0
Let d be (-16)/(-12)*(-9)/(-2). Let f(p) = -p**2 + 3*p + 1. Let w be f(2). Let b = d - w. What is the remainder when 8 is divided by b?
2
Calculate the remainder when 214 is divided by 273/14 + 1/2 - -4.
22
Let r = -60 + 90. What is the remainder when 179 is divided by r?
29
Let o(d) be the first derivative of -d**2/2 + 20*d + 1. Suppose 5*h - 196 = 3*g, h - 9 = -3*g + 23. Calculate the remainder when h is divided by o(0).
18
Let y = -63 + 119. Calculate the remainder when y is divided by 12.
8
Suppose -4*a = 5*a - 63. What is the remainder when 17 is divided by a?
3
What is the remainder when 17 is divided by 10/6*(-3)/(-1)?
2
Let b = 8 - 4. Let g = 61 - b. Calculate the remainder when g is divided by 15.
12
Let t = 48 + -15. Let x = t - 16. Suppose 0 = r - g - x, 4*r - 5*g - 26 - 40 = 0. What is the remainder when r is divided by 10?
9
Let o = -24 + 44. Let x(u) = 6*u**2 + 3*u + 2. Let k(a) = -5*a**2